
343423
Convert 30534405 (base 6) to base 8.
3275605
Convert 100011022000 (base 3) to base 15.
38639
What is 326473 (base 8) in base 14?
2c08b
-1314211 (base 5) to base 4
-12121011
What is 29ef4 (base 16) in base 6?
3403112
What is 16702 (base 14) in base 9?
85144
What is 3462474 (base 8) in base 7?
11006332
What is -21634452 (base 8) in base 15?
-623045
Convert -10011111111110010 (base 2) to base 12.
-3b496
-312202210 (base 4) to base 11
-142928
Convert 907b2 (base 13) to base 3.
111010102112
Convert 7897c0 (base 14) to base 7.
46556330
Convert -2545123 (base 6) to base 12.
-681a3
-1255555 (base 6) to base 15
-15b08
Convert -38411 (base 10) to base 4.
-21120023
14551244 (base 6) to base 16
7d0ec
Convert 3103213220 (base 4) to base 7.
10240043
-223011 (base 8) to base 7
-432312
What is 30d40 (base 16) in base 3?
101011100102
42433002 (base 5) to base 6
11403422
-10649 (base 14) to base 11
-27882
Convert -11088808 (base 9) to base 6.
-311100442
13110 (base 4) to base 16
1d4
102001010020 (base 3) to base 8
650361
Convert 202160544 (base 7) to base 2.
101100111111111110100110
a64cc4 (base 16) to base 12
37970b0
Convert 21011012 (base 3) to base 12.
3028
Convert 31305114 (base 6) to base 12.
37b19a
213330233202 (base 4) to base 16
9fcbe2
What is -4023056 (base 9) in base 16?
-20abc4
1141231000 (base 5) to base 8
12162475
Convert 224786 (base 11) to base 13.
c6a36
What is -11021110011 (base 3) in base 15?
-19e0d
-9aa01a (base 13) to base 8
-15727330
Convert -3cf1b9 (base 16) to base 2.
-1111001111000110111001
What is 4d699 (base 14) in base 15?
3b74c
What is -140364 (base 7) in base 2?
-110011111101100
-12012223233 (base 4) to base 9
-3008103
What is -7083a0 (base 11) in base 15?
-1774d8
10020211202011 (base 3) to base 11
a81031
What is 100000011110010010 (base 2) in base 9?
222408
-4763a (base 14) to base 4
-222200110
What is 45000227 (base 8) in base 13?
2017b4a
-30031041 (base 5) to base 3
-110000021102
What is 7136a8 (base 11) in base 9?
2137141
What is -210335454 (base 6) in base 13?
-9b5504
Convert -9b75a (base 14) to base 2.
-1011100001000100100
What is 11011011100010111011110 (base 2) in base 15?
9718a3
What is -37c28 (base 13) in base 3?
-12020110102
Convert -1166825 (base 9) to base 10.
-634901
Convert -3131140 (base 6) to base 4.
-211011210
5355929 (base 10) to base 7
63344645
-157605 (base 9) to base 11
-6723a
Convert 196616 (base 12) to base 5.
103243311
Convert 9151 (base 16) to base 13.
13c18
220000001 (base 3) to base 14
653b
What is 603d1 (base 15) in base 4?
1022113231
Convert 33210004 (base 5) to base 15.
5a589
What is 121400433 (base 6) in base 5?
1043124123
What is 1a48b41 (base 14) in base 13?
2932180
-13001112210 (base 4) to base 15
-265533
What is -560785 (base 9) in base 4?
-1101312113
Convert 1657238 (base 10) to base 3.
10010012022012
What is 181a5a (base 12) in base 6?
12542554
-1e509 (base 15) to base 9
-160730
What is -4334d (base 14) in base 7?
-1244626
Convert -2255689 (base 12) to base 3.
-110101110001220
Convert 101011111010010011110 (base 2) to base 13.
3b4c0c
What is 112293 (base 10) in base 7?
645246
Convert -100001101110110011 (base 2) to base 11.
-94893
What is 20434310 (base 5) in base 14?
4656d
Convert 143543235 (base 6) to base 16.
2d88c7
What is 10310113210 (base 4) in base 11?
792a71
Convert -4c6c (base 13) to base 4.
-2222122
Convert -1141362 (base 10) to base 2.
-100010110101001110010
Convert -24051501 (base 6) to base 4.
-2313323131
-2303411 (base 6) to base 14
-30b27
Convert 66245423 (base 7) to base 13.
1243c31
What is 9665370 (base 10) in base 5?
4433242440
What is -44430 (base 12) in base 11?
-61a74
411144320 (base 5) to base 13
462907
-1818 (base 13) to base 10
-3570
What is 21321135 (base 6) in base 5?
130221343
-1062113 (base 8) to base 3
-112121210222
Convert 5381008 (base 9) to base 5.
1214400302
-16b9c2 (base 14) to base 5
-201103223
Convert -10a5ed (base 15) to base 16.
-c1f69
277941 (base 12) to base 16
a0381
Convert 44101624 (base 8) to base 4.
210020032110
Convert -16257220 (base 8) to base 15.
-4e400a
1101010001000110000 (base 2) to base 6
13152400
What is 20360102 (base 7) in base 4?
12201331130
10a1a (base 15) to base 10
52900
Convert -101110220111001 (base 3) to base 9.
-11426431
Convert 4bb79 (base 14) to base 11.
117912
What is 6968877 (base 10) in base 13?
159ccc6
What is -314444201 (base 5) in base 15?
-1b376b
Convert -112013 (base 15) to base 3.
-1112111101200
What is -233313010 (base 6) in base 3?
-22012201200020
432231434 (base 5) to base 10
1836494
What is -14214 (base 11) in base 9?
-30658
778576 (base 9) to base 5
104344301
Convert 614829 (base 10) to base 6.
21102233
-24b53 (base 14) to base 9
-146451
What is 10100010111110000110110 (base 2) in base 16?
517c36
Convert 12b02 (base 13) to base 6.
425104
Convert -50301310 (base 6) to base 10.
-1423338
What is 2200200112 (base 3) in base 6?
1045152
Convert -421bd8 (base 14) to base 13.
-602640
-286081 (base 9) to base 5
-21100113
3d325 (base 15) to base 4
233331230
What is 29482 (base 15) in base 11?
90729
Convert 11301213 (base 4) to base 3.
1012110010
What is -2255422 (base 8) in base 2?
-10010101101100010010
Convert 2242310012 (base 5) to base 4.
103032301221
What is 1ab198 (base 12) in base 9?
804178
-1bb5 (base 15) to base 11
-4583
-1442223 (base 6) to base 15
-19ae3
Convert -1216656 (base 7) to base 13.
-56055
Convert 200112121001 (base 3) to base 14.
96dc9
Convert -10010111010000110 (base 2) to base 11.
-53206
-265101 (base 8) to base 6
-1553201
50033 (base 10) to base 8
141561
-4423203 (base 6) to base 9
-366183
What is -31616 (base 8) in base 14?
-4b4a
2832153 (base 12) to base 4
132220011033
-10212313 (base 4) to base 12
-ab07
What is 111300303 (base 4) in base 3?
11112021110
Convert 5516556 (base 7) to base 13.
1a920b
-1102700 (base 12) to base 3
-20002120110100
What is -3d3e4 (base 15) in base 13?
-6b671
Convert -11c2b6 (base 14) to base 3.
-1010222101020
Convert 67a6065 (base 12) to base 14.
28d53ad
Convert 724129 (base 10) to base 3.
1100210022121
Convert -4d3ae0 (base 16) to base 12.
-1841028
What is -31117 (base 16) in base 11?
-128002
What is 11204433413 (base 5) in base 9?
25588802
-4d8ade (base 15) to base 4
-32031130130
Convert 121204550 (base 7) to base 3.
112020022221212
-200203020 (base 4) to base 5
-13231240
What is 6205016 (base 7) in base 14?
1541b6
What is -9ea76e (base 16) in base 7?
-154243362
Convert -102211121222202 (base 3) to base 14.
-b9aa3d
Convert -50a41 (base 14) to base 8.
-573061
What is 58085 (base 9) in base 11?
270a5
What is -301111032 (base 4) in base 15?
-3ed0c
Convert -4140720 (base 8) to base 6.
-35312120
-6983391 (base 10) to base 6
-405402303
1928596 (base 12) to base 2
10100001001011101000010
Convert -1653416 (base 10) to base 7.
-20024312
Convert 82948 (base 10) to base 12.
40004
Convert 29798a (base 13) to base 6.
33442413
14135423 (base 6) to base 4
1311003213
What is -22110221202 (base 3) in base 11?
-104444
Convert 12344121 (base 5) to base 3.
20012001121
Convert 998d9 (base 15) to base 11.
303710
Convert -14124342 (base 5) to base 3.
-21101201111
121c57 (base 13) to base 6
13135144
Convert -19bcc08 (base 13) to base 9.
-17011825
Convert -220010202122 (base 3) to base 11.
-2a4a82
-100001004 (base 6) to base 13
-46a7b2
332836 (base 12) to base 7
6625203
Convert -10001122121002 (base 3) to base 9.
-3048532
41443111 (base 6) to base 12
4a0497
Convert -348892 (base 10) to base 9.
-581527
What is 323033320 (base 4) in base 11?
156369
What is -1ba510 (base 12) in base 16?
-78d5c
Convert 120220002220 (base 3) to base 16.
4c5f3
Convert -59045 (base 13) to base 2.
-100111101101001011
Convert 10105b5 (base 13) to base 8.
22415053
Convert -36dc6e (base 15) to base 14.
-4c5cdc
Convert 511571 (base 15) to base 3.
21020201002121
2322232303 (base 4) to base 3
1102212011211
101010010000101 (base 2) to base 4
11102011
Convert 8d23 (base 16) to base 6.
435135
Convert -2426873 (base 9) to base 6.
-44122320
Convert 220022210120012 (base 3) to base 12.
43b541b
Convert 4143 (base 11) to base 13.
2666
44b6d (base 14) to base 16
28bed
Convert -23b09 (base 14) to base 4.
-111102331
Convert 878f0 (base 16) to base 8.
2074360
What is -11000000011000011 (base 2) in base 10?
-98499
What is 3cd0 (ba